ist the prime factors of a.
2, 19, 293
Suppose -6*q = 2*q - 48. Suppose q*f + 309 = -183. Let w = f + 141. List the prime factors of w.
59
Suppose 7*d - 6090 = -17094. Let x = -668 - d. List the prime factors of x.
2, 113
Suppose -85*q + 2724810 = 25*q. What are the prime factors of q?
3, 23, 359
Suppose 2*t = 19 - 15. Suppose 0 = t*c + 2 + 84. Let x = c - -66. List the prime factors of x.
23
Suppose -2*f = 2*j - 17734, 0 = -j - 17*f + 19*f + 8882. What are the prime factors of j?
2, 1109
Suppose -81*h = -85*h - 3*c - 6, 5*h - 4*c = 8. Suppose -92*l + 107*l - 22455 = h. What are the prime factors of l?
3, 499
Suppose -27*z + 31*z = 5*o + 26249, 4*o = z - 6565. List the prime factors of z.
3
Let h(d) = -172*d**2. Let m be h(1). Let p = m + 186. List the prime factors of p.
2, 7
Suppose -16*h + 14*h + 4 = 0. Suppose 0 = -b + 5*x - h*x + 486, x + 972 = 2*b. List the prime factors of b.
2, 3
Suppose -313775 = -11*l + l - l. List the prime factors of l.
5, 7, 163
Suppose 0*z + 10161 = 5*x + z, 2*z + 4062 = 2*x. Let j = x + -914. What are the prime factors of j?
2, 13, 43
Suppose -4*f + 4*c + 424 = 0, 0 = -2*f - 5*c + 197 - 13. Let d = 29 + f. Suppose -d - 289 = -7*o. List the prime factors of o.
2, 3, 5
Let o be 110/50 + (-1)/5. Suppose -3*d - 4 = 4*v - 26, o*v + 28 = 5*d. List the prime factors of (98944/60)/8 - d/45.
2, 103
Suppose 3*v = 3*s + 2*v + 23, -5*s + 2*v = 40. Let y be 2 - (3 - s/(-1)). Suppose 5*h = -y*h + 90. What are the prime factors of h?
3
Let q(l) = 3846*l**2 - 428*l + 1272. What are the prime factors of q(3)?
2, 3, 73, 79
Suppose -2*l + 12 = 5*m - 11, -m - 9 = -3*l. Suppose -5*y = 5*w - 645, 0 = m*y + 2*w - 255 - 128. List the prime factors of y.
5
Let k(w) = -39*w**3 + 3*w**2 - 12*w + 26. Let m be k(3). Let b = m - -1881. List the prime factors of b.
5, 13
Let c(w) = 2500*w**2 + 90*w - 316. What are the prime factors of c(4)?
2, 3, 47, 71
Suppose -24*s - 5*j = -19*s - 32135, 2*s = 2*j + 12866. List the prime factors of s.
2, 5, 643
What are the prime factors of (-4 + 2177/14)*(107 - 1/1)?
3, 53, 101
Let j be -5 + -1 - (-74 - -66). What are the prime factors of (-857)/((j/5)/(18/(-45)))?
857
Let n = -84 + 77. Let f(j) = -13*j + 41. List the prime factors of f(n).
2, 3, 11
Let a(y) = -19*y - 11. Let p(j) = 2*j. Let w(g) = -a(g) - 6*p(g). Let u = -2 - -19. What are the prime factors of w(u)?
2, 5, 13
Let q(h) = 5203*h**3 + 2*h**2 + 2*h - 3. Let z be q(1). List the prime factors of z/8 + 1 - 4/(-8).
2, 163
Let x(n) = 23*n**2 + 9*n + 30. Let d be x(9). Suppose 36*z - 35742 = -d. What are the prime factors of z?
2, 7, 67
Let c(r) = 2*r**3 - 234*r**2 + 341*r - 189. What are the prime factors of c(116)?
5, 47, 53
Suppose -5 + 2 = 3*k, 4*m + 2*k - 4706 = 0. Let f = -416 + m. What are the prime factors of f?
761
Suppose 3*s - 25 = 5*i, -8*s + i = -3*s - 27. Let p(c) = 5*c. Let b be p(4). Suppose b = -s*n, -6*y + 4*y - 3*n = -110. List the prime factors of y.
61
Suppose -10*p + 1782 = -738. What are the prime factors of (-4 - -1)/((p/5138)/(-6))?
367
Let h be (-17 - 4)*20/(-15). Suppose 7 = 7*g - h. Suppose -189 = -g*k + 51. List the prime factors of k.
2, 3
Let b(u) = u - 23. Let x be b(14). Let s be x/((-45)/1720)*2. Suppose v = 5*i - s, -545 = -4*i - v - 0*v. List the prime factors of i.
137
Suppose -11*z - 280 = -13*z. Suppose -b + 142 - z = 0. What are the prime factors of (-10 + 12)/(b/260)?
2, 5, 13
Let z(y) = 16*y**2 - 97*y - 652. What are the prime factors of z(-6)?
2, 11, 23
Suppose 2*p - c = -2, 0 = -4*c + 9 - 1. Suppose -n = -2 - p. Suppose -4*j + 3*i = -5, -n*j - 4*i + 14 = -16. List the prime factors of j.
5
List the prime factors of (-42)/(-28)*12740 - 12.
2, 3, 1061
Let j = 136 - 73. Let f = 4145 + -4318. Let h = j - f. What are the prime factors of h?
2, 59
Let u be 48/(-6)*-2 + 0/(-2). Let z(g) = 2*g**2 - 6*g + 18. List the prime factors of z(u).
2, 7, 31
Suppose 0 = k + 4*t - 17, -5*k - 3*t + 8*t + 10 = 0. Suppose k*y - 4*y - 725 = 0. What are the prime factors of y?
5, 29
Suppose 0 = 3*b - 4*b + 1. Let w be -3 + 1 + b + 263. Let n = w + -179. List the prime factors of n.
83
Let h(v) = -6527*v + 110. What are the prime factors of h(-1)?
6637
Let u be 88/14 - (-2)/(-7). Let w be (140/(-6))/(u/18). Let c = -42 - w. List the prime factors of c.
2, 7
Let x be (3 - 4)*(34 - 2). Let h = x + 37. Suppose -4*g + 963 = h*g. List the prime factors of g.
107
Let a(l) = 37*l - 3. Let m = -75 - -78. Suppose -m*o = 3*f - 9, o + o = 2*f + 6. List the prime factors of a(o).
2, 3
Let w = 23 + -18. Suppose 0 = -w*o + 129 - 94. Let u(z) = 4*z**2 - 2*z + 16. List the prime factors of u(o).
2, 3, 11
Suppose -q = -4*q - 12. Let o be 1 + 430 + (q - 0). Suppose k - 1 = 0, 4*k - 3*k + o = 2*z. What are the prime factors of z?
2, 107
Let b(x) be the second derivative of x**5/20 + 7*x**4/6 + 7*x**3/6 - 8*x**2 - x. Let q be b(-13). Let v = 107 - q. List the prime factors of v.
3, 5
Let a = 105930 - 44520. What are the prime factors of a?
2, 3, 5, 23, 89
Suppose 75*a - 70*a = 20. Suppose 0 = 4*o - 3*d - 289, o - 4*d = a*o - 223. List the prime factors of o.
73
Suppose 0 = 5*h - 4*i + i - 487, 3*i + 12 = 0. List the prime factors of (-1253)/(-4) - (5 - h/20).
313
Let s(a) = -30984*a - 295. What are the prime factors of s(-2)?
61673
Let b(g) = 5*g**3 + 4*g + 12. Let w be b(-2). List the prime factors of (w/48)/(28/16 - 2).
3
Suppose 5*l = -3*l + 8. Let r be (16/2)/4 - (l + 1). Suppose -x - g = -20, r*g + 4*g + 4 = 0. List the prime factors of x.
3, 7
Let z(a) = -a + 5. Let t be z(1). Let j = -255 - -431. Suppose -2*k + t*k - j = 0. What are the prime factors of k?
2, 11
Let x be 18/3*(-1230)/(-45). Let o = 494 - x. List the prime factors of o.
2, 3, 5, 11
Suppose 12911 + 9418 = -27*j. Let i = j + 2244. What are the prime factors of i?
13, 109
Let r be ((-608)/(-10))/(17/(-170)). Suppose 3392 = 4*y - 5*t, 0*y = 2*y - 5*t - 1686. Let c = y + r. What are the prime factors of c?
5, 7
Let t = -759 + 1886. Suppose 5*n + 5645 = 5*c - 0*n, -c + t = n. List the prime factors of c.
2, 3, 47
Suppose 19 = -3*c + 7, 2*q + 44 = -c. Let i(z) = -z**3 - 17*z**2 + 42*z - 107. List the prime factors of i(q).
11, 23
Suppose -q - 8*q - 2*n = -26491, 4*q = 4*n + 11764. What are the prime factors of q?
3, 109
Suppose 14*h - 302574 - 465729 = 37887. List the prime factors of h.
3, 5, 11, 349
Let n = 22 + -3. Suppose n*a + 94 = 21*a. Suppose -3*j - a = -182. List the prime factors of j.
3, 5
Suppose 0 = -v - 4*v - 4*t, 3*v = 4*t. Suppose v = -3*x + 8*x - 1235. List the prime factors of x.
13, 19
Suppose 0 = 4*z - 5*j - 406 - 14998, 0 = -z + j + 3850. Suppose -3*n = -5*o + 2*o + z, 5*o + n = 6392. What are the prime factors of o?
1279
Suppose -2*b - 2*b + 2*i - 278 = 0, 47 = -b - 4*i. Let n = b + 8. Let x = 189 + n. What are the prime factors of x?
2, 5, 13
Suppose 14*d + 261 = 23*d. Suppose d*s + 10242 = 38*s. What are the prime factors of s?
2, 569
Let y(k) = 14*k + 90. Let l be y(-6). Suppose 4*n = -o + 234, 5*o + 4*n + 274 = l*o. What are the prime factors of o?
2, 127
Suppose 0 = 2*o - 4*q - 500, 0*q + 742 = 3*o - 2*q. Suppose 0 = -o*s + 234*s + 17952. What are the prime factors of s?
2, 11, 17
Let v be 1 + 5 + (-5 - -2440). Suppose 0 = 4*o + 3*d - 0*d - 1939, -2*d = -5*o + v. List the prime factors of o.
487
Suppose 2*p = -2*n + 106338 - 19572, 0 = n + 3*p - 43375. What are the prime factors of n?
43, 1009
Let y = -418 + 936. Suppose -3*h + y = 4*m + 2*h, -h = -3*m + 398. List the prime factors of (-1 - 19)/((-6)/m*4).
2, 5, 11
What are the prime factors of ((-124)/(1 + 3))/(3/(-609))?
7, 29, 31
Let h be 18/3 - 4/(-2). Suppose k = -k - 5*x - 1, -5*k - 2*x + h = 0. Suppose y + 142 = o, o + 2*o - k*y = 430. List the prime factors of o.
2, 73
Let u(h) = -63*h**3 + 17*h**2 + 15*h + 31. What are the prime factors of u(-7)?
2, 3, 233
Suppose 3*m - m - 4 = y, 0 = -m + 5. List the prime factors of 3303/(-6)*(-4)/y.
367
Let b(i) = -2*i - 12*i + 5*i + 5*i - 69 - 3*i. List the prime factors of b(-54).
3, 103
Let d(s) = -s**2 - 8*s - 5. Let c be (-2)/8 - (-3122)/(-56). Let r = 49 + c. List the prime factors of d(r).
2
Let o = 3663 + -2065. List the prime factors of o.
2, 17, 47
Let c(i) be the second derivative of 0 + 1/6*i**3 + 0*i**2 + 2*i. List the prime factors of c(6).
2, 